 92653.
11, 8423
List the prime factors of 555.
3, 5, 37
List the prime factors of 123901.
23, 5387
What are the prime factors of 3366?
2, 3, 11, 17
What are the prime factors of 15718?
2, 29, 271
What are the prime factors of 6725?
5, 269
List the prime factors of 262.
2, 131
List the prime factors of 47001.
3, 15667
What are the prime factors of 37864?
2, 4733
What are the prime factors of 32555?
5, 17, 383
What are the prime factors of 48178?
2, 13, 17, 109
List the prime factors of 926.
2, 463
What are the prime factors of 1088?
2, 17
What are the prime factors of 37385?
5, 7477
What are the prime factors of 3854?
2, 41, 47
List the prime factors of 3432.
2, 3, 11, 13
What are the prime factors of 80333?
11, 67, 109
List the prime factors of 48773.
17, 19, 151
What are the prime factors of 8547?
3, 7, 11, 37
What are the prime factors of 5133?
3, 29, 59
List the prime factors of 2380.
2, 5, 7, 17
List the prime factors of 13855.
5, 17, 163
What are the prime factors of 285?
3, 5, 19
List the prime factors of 3858.
2, 3, 643
What are the prime factors of 1538?
2, 769
What are the prime factors of 71062?
2, 35531
List the prime factors of 177270.
2, 3, 5, 19, 311
List the prime factors of 25726.
2, 19, 677
What are the prime factors of 5946?
2, 3, 991
What are the prime factors of 6772?
2, 1693
What are the prime factors of 52713?
3, 5857
List the prime factors of 13723.
13723
What are the prime factors of 544?
2, 17
List the prime factors of 1673.
7, 239
List the prime factors of 23475.
3, 5, 313
What are the prime factors of 5228?
2, 1307
What are the prime factors of 10874?
2, 5437
What are the prime factors of 938?
2, 7, 67
List the prime factors of 1837.
11, 167
List the prime factors of 1473.
3, 491
List the prime factors of 1790.
2, 5, 179
List the prime factors of 46780.
2, 5, 2339
List the prime factors of 3638.
2, 17, 107
List the prime factors of 18776.
2, 2347
What are the prime factors of 34028?
2, 47, 181
What are the prime factors of 10794?
2, 3, 7, 257
What are the prime factors of 34288?
2, 2143
List the prime factors of 32638.
2, 16319
List the prime factors of 7056.
2, 3, 7
List the prime factors of 2520.
2, 3, 5, 7
What are the prime factors of 229?
229
What are the prime factors of 299?
13, 23
What are the prime factors of 386?
2, 193
What are the prime factors of 15226?
2, 23, 331
List the prime factors of 2443.
7, 349
What are the prime factors of 428?
2, 107
What are the prime factors of 8537?
8537
List the prime factors of 3134.
2, 1567
What are the prime factors of 43799?
7, 6257
What are the prime factors of 11972?
2, 41, 73
List the prime factors of 6899.
6899
What are the prime factors of 14316?
2, 3, 1193
What are the prime factors of 1316?
2, 7, 47
What are the prime factors of 2484?
2, 3, 23
What are the prime factors of 18175?
5, 727
List the prime factors of 142.
2, 71
List the prime factors of 147.
3, 7
What are the prime factors of 2518?
2, 1259
What are the prime factors of 761?
761
What are the prime factors of 2958?
2, 3, 17, 29
List the prime factors of 955.
5, 191
What are the prime factors of 4130?
2, 5, 7, 59
What are the prime factors of 286?
2, 11, 13
What are the prime factors of 52315?
5, 10463
List the prime factors of 4226.
2, 2113
List the prime factors of 94.
2, 47
What are the prime factors of 3134?
2, 1567
List the prime factors of 4728.
2, 3, 197
List the prime factors of 691.
691
What are the prime factors of 3379?
31, 109
List the prime factors of 14472.
2, 3, 67
List the prime factors of 1648.
2, 103
What are the prime factors of 2812?
2, 19, 37
List the prime factors of 13745.
5, 2749
What are the prime factors of 938?
2, 7, 67
List the prime factors of 7410.
2, 3, 5, 13, 19
List the prime factors of 200.
2, 5
What are the prime factors of 11311?
11311
What are the prime factors of 9617?
59, 163
List the prime factors of 17930.
2, 5, 11, 163
List the prime factors of 21880.
2, 5, 547
List the prime factors of 1135.
5, 227
List the prime factors of 23129.
101, 229
What are the prime factors of 682?
2, 11, 31
What are the prime factors of 73297?
7, 37, 283
What are the prime factors of 1646?
2, 823
List the prime factors of 928.
2, 29
What are the prime factors of 24765?
3, 5, 13, 127
What are the prime factors of 915?
3, 5, 61
List the prime factors of 3016.
2, 13, 29
List the prime factors of 25514.
2, 12757
What are the prime factors of 100018?
2, 43, 1163
What are the prime factors of 4814?
2, 29, 83
What are the prime factors of 24670?
2, 5, 2467
What are the prime factors of 1756?
2, 439
List the prime factors of 9190.
2, 5, 919
List the prime factors of 431.
431
List the prime factors of 33844.
2, 8461
What are the prime factors of 25355?
5, 11, 461
What are the prime factors of 124285?
5, 7, 53, 67
List the prime factors of 449.
449
What are the prime factors of 4482?
2, 3, 83
List the prime factors of 28283.
28283
What are the prime factors of 36742?
2, 18371
What are the prime factors of 20453?
113, 181
What are the prime factors of 74377?
74377
List the prime factors of 2036.
2, 509
What are the prime factors of 1579?
1579
List the prime factors of 6716.
2, 23, 73
What are the prime factors of 7313?
71, 103
What are the prime factors of 64337?
7, 13, 101
List the prime factors of 5659.
5659
List the prime factors of 684.
2, 3, 19
What are the prime factors of 371?
7, 53
What are the prime factors of 15262?
2, 13, 587
What are the prime factors of 8162?
2, 7, 11, 53
What are the prime factors of 819?
3, 7, 13
List the prime factors of 6297.
3, 2099
What are the prime factors of 14609?
7, 2087
What are the prime factors of 13990?
2, 5, 1399
What are the prime factors of 7959?
3, 7, 379
What are the prime factors of 7793?
7793
What are the prime factors of 7200?
2, 3, 5
List the prime factors of 18976.
2, 593
What are the prime factors of 1166?
2, 11, 53
List the prime factors of 1365.
3, 5, 7, 13
What are the prime factors of 6998?
2, 3499
List the prime factors of 5504.
2, 43
List the prime factors of 7051.
11, 641
List the prime factors of 34907.
67, 521
What are the prime factors of 7997?
11, 727
What are the prime factors of 26196?
2, 3, 37, 59
List the prime factors of 11330.
2, 5, 11, 103
What are the prime factors of 1329?
3, 443
What are the prime factors of 1650?
2, 3, 5, 11
List the prime factors of 54065.
5, 11, 983
List the prime factors of 7195.
5, 1439
List the prime factors of 3640.
2, 5, 7, 13
What are the prime factors of 300?
2, 3, 5
List the prime factors of 37272.
2, 3, 1553
What are the prime factors of 778?
2, 389
List the prime factors of 22861.
22861
What are the prime factors of 40010?
2, 5, 4001
What are the prime factors of 6022?
2, 3011
List the prime factors of 9501.
3, 3167
What are the prime factors of 8989?
89, 101
List the prime factors of 310.
2, 5, 31
List the prime factors of 288.
2, 3
What are the prime factors of 3345?
3, 5, 223
What are the prime factors of 602?
2, 7, 43
List the prime factors of 3875.
5, 31
What are the prime factors of 155?
5, 31
List the prime factors of 53217.
3, 73
List the prime factors of 4033.
37, 109
List the prime factors of 10337.
10337
List the prime factors of 121916.
2, 29, 1051
List the prime factors of 305.
5, 61
What are the prime factors of 2115?
3, 5, 47
What are the prime factors of 15603?
3, 7, 743
List the prime factors of 3899.
7, 557
What are the prime factors of 414?
2, 3, 23
List the prime factors of 1016.
2, 127
List the prime factors of 926.
2, 463
List the prime factors of 65921.
65921
List the prime factors of 89.
89
List the prime factors of 86036.
2, 137, 157
What are the prime factors of 2927?
2927
What are the prime factors of 24849?
3, 11, 251
List the prime factors of 24363.
3, 2707
What are the prime factors of 767?
13, 59
List the prime factors of 2248.
2, 281
What are the prime factors of 852?
2, 3, 71
What are the prime factors of 52469?
71, 739
What are the prime factors of 931?
7, 19
What are the prime factors of 54408?
2, 3, 2267
List the prime factors of 12356.
2, 3089
List the prime factors of 11542.
2, 29, 199
List the prime factors of 43083.
3, 4787
List the prime factors of 6749.
17, 397
List the prime factors of 61270.
2, 5, 11, 557
What are the prime factors of 1026?
2